, what is -1a67 - b?
-1a75
In base 5, what is -2230 - -43123?
40343
In base 3, what is 101000110120 - 0?
101000110120
In base 4, what is -103211101 + 1?
-103211100
In base 11, what is 4 + -16529?
-16525
In base 5, what is -2 - 121232213?
-121232220
In base 4, what is 122 + -3313103?
-3312321
In base 10, what is -152826 + 1?
-152825
In base 8, what is 7 - -13516?
13525
In base 11, what is -5575 + -6?
-5580
In base 11, what is 165521 + 3?
165524
In base 7, what is -2400206 + 0?
-2400206
In base 15, what is -5 - 15cd1?
-15cd6
In base 11, what is 102 - 1943?
-1841
In base 12, what is -147b + -12?
-1491
In base 15, what is -36 - 6db?
-722
In base 5, what is -12203 + 401?
-11302
In base 15, what is -2021 - 8e?
-20b0
In base 7, what is 1 + 12250626?
12250630
In base 5, what is -4014224 + 114?
-4014110
In base 5, what is 0 + 111002?
111002
In base 2, what is 101 - 1100111001100101100?
-1100111001100100111
In base 4, what is -11 - 111113210?
-111113221
In base 5, what is 3014211 - -3?
3014214
In base 8, what is 20131 - 12?
20117
In base 15, what is -2c36 + -97?
-2ccd
In base 11, what is -1 - 15038?
-15039
In base 15, what is 199 + -1b1?
-17
In base 11, what is -3604a1 + -3?
-3604a4
In base 13, what is 0 + 1617c3?
1617c3
In base 16, what is 351 - -40?
391
In base 6, what is 420155 + -5?
420150
In base 3, what is -1 - 210012112002?
-210012112010
In base 4, what is -111 + 1112002?
1111231
In base 16, what is -14 + 4293b?
42927
In base 16, what is -2986 + 5?
-2981
In base 6, what is -3 + -3500?
-3503
In base 12, what is -6a9 + 24?
-685
In base 14, what is -1 - -2bb44?
2bb43
In base 3, what is -2 - -101202022?
101202020
In base 7, what is 5 - -1633?
1641
In base 5, what is 1440401 - 3?
1440343
In base 12, what is -2b5b7 - -3?
-2b5b4
In base 11, what is -7a5 + -39?
-833
In base 16, what is -3747 - -3?
-3744
In base 10, what is -26625 - -8?
-26617
In base 8, what is 15 + -11211?
-11174
In base 2, what is 11001011001100 + -100?
11001011001000
In base 3, what is -122 + -21201022?
-21201221
In base 14, what is -4 + -10d70?
-10d74
In base 12, what is 51b - -48b?
9aa
In base 6, what is 50202 + -2?
50200
In base 7, what is 162610 - 3?
162604
In base 16, what is -360faf + -2?
-360fb1
In base 11, what is 4a133 - -1?
4a134
In base 11, what is 2 + 6350?
6352
In base 14, what is 119 - -2d6b?
3086
In base 14, what is 99 - b?
8c
In base 7, what is 16650022 + -5?
16650014
In base 2, what is 10101001110 - -1001100?
10110011010
In base 13, what is 6 - 9b891?
-9b888
In base 12, what is -1120 + 14?
-1108
In base 12, what is -19254 - -30?
-19224
In base 14, what is -90 - -165?
b5
In base 16, what is 0 - -a2?
a2
In base 3, what is 2021 - -1012222?
1022020
In base 16, what is -3 + -a9fa?
-a9fd
In base 13, what is 10976 - 7?
1096c
In base 12, what is 4a150 + -2?
4a14a
In base 10, what is 38 + -1101?
-1063
In base 7, what is -405323 + -105?
-405431
In base 7, what is -26331 + -22?
-26353
In base 4, what is -2 - -303233000?
303232332
In base 5, what is -3 - -41403344?
41403341
In base 11, what is -169 + -49?
-207
In base 6, what is 55050 - 2553?
52053
In base 7, what is 16155 + -2?
16153
In base 7, what is 440534 + 2?
440536
In base 11, what is -117a96 + 3?
-117a93
In base 5, what is 2432042 - -1?
2432043
In base 7, what is 2200113 + 1?
2200114
In base 3, what is -11111122 - -201?
-11110221
In base 15, what is 6c6 + 76?
74c
In base 9, what is 5 + 73162?
73167
In base 13, what is 1066 - 9?
105a
In base 15, what is d - -e6a?
e78
In base 16, what is -dfce - -4?
-dfca
In base 4, what is 101200 + 22102?
123302
In base 15, what is 4 - 32eeb?
-32ee7
In base 7, what is 1 + -2116363?
-2116362
In base 11, what is 3 - 61491?
-61489
In base 4, what is -1300223120 + -11?
-1300223131
In base 11, what is -a3 - -797a?
7887
In base 5, what is 11 + 221102?
221113
In base 2, what is 10011011 + -10000111100100?
-10000101001001
In base 2, what is 10 - 10010010100101?
-10010010100011
In base 15, what is -39 - bb7?
-c01
In base 14, what is -10 + 2881?
2871
In base 5, what is 2104433 - 0?
2104433
In base 5, what is 431 - 3242?
-2311
In base 14, what is 2b5 + 442?
717
In base 14, what is -6dd66 - -a?
-6dd5a
In base 16, what is -8 - 1fd4?
-1fdc
In base 7, what is 15033 + 12?
15045
In base 13, what is 2 + -15175?
-15173
In base 7, what is -2 - 34636?
-34641
In base 8, what is 1310061 + -4?
1310055
In base 6, what is -2111 + 11053?
4542
In base 16, what is -1cd860 + -3?
-1cd863
In base 14, what is 2 + -a55c?
-a55a
In base 12, what is -6b5 + 103?
-5b2
In base 2, what is 100 - -111101100111111011?
111101100111111111
In base 11, what is -3 - -591554?
591551
In base 5, what is -2020010 + -2?
-2020012
In base 4, what is 1 - -33310031?
33310032
In base 10, what is -139146 - -5?
-139141
In base 15, what is 1 - 17592?
-17591
In base 10, what is -3 - -17678?
17675
In base 4, what is -11 - 1031101122?
-1031101133
In base 16, what is 2f4c + -27?
2f25
In base 11, what is 55 + 554?
5a9
In base 12, what is 49 - a85?
-a38
In base 15, what is 3963 - 12?
3951
In base 10, what is -62 + -269?
-331
In base 14, what is 2606c - 0?
2606c
In base 16, what is -132d - 158?
-1485
In base 13, what is 89 - 3404?
-3348
In base 2, what is 110010 - -1110111010111?
1111000001001
In base 16, what is 113f + -4?
113b
In base 6, what is -20 + -4005?
-4025
In base 11, what is 30009 + 4?
30012
In base 15, what is 20 - 3e5?
-3c5
In base 8, what is -536 + -2670?
-3426
In base 7, what is 151340 - 2?
151335
In base 5, what is 10 - -30030112?
30030122
In base 6, what is 5204201 - -3?
5204204
In base 16, what is 1 - -1eee?
1eef
In base 12, what is -12 + 2313?
2301
In base 14, what is -9 + -113b47?
-113b52
In base 10, what is -199 + -24?
-223
In base 4, what is -120 - 330231?
-331011
In base 14, what is 155 + 1db?
352
In base 2, what is -1101101011 + 10011111?
-1011001100
In base 16, what is 6f3 - 814?
-121
In base 10, what is -1036 - 538?
-1574
In base 8, what is 1 - -11002?
11003
In base 11, what is 6 + -98209?
-98203
In base 15, what is -5 - c0520?
-c0525
In base 7, what is -5 + -2034014?
-2034022
In base 14, what is -34d + 162?
-1cb
In base 3, what is -11120002 + 1010?
-11111222
In base 4, what is 1 - -1331223?
1331230
In base 13, what is 22948 - -5?
22950
In base 2, what is -101 + -1001001100100010101?
-1001001100100011010
In base 2, what is -100 - -1010110110100011101?
1010110110100011001
In base 6, what is 3 - -235?
242
In base 2, what is -101 - -10011111011101000?
10011111011100011
In base 9, what is -12805622 - -3?
-12805618
In base 2, what is -1 + -10010000010111011100?
-10010000010111011101
In base 7, what is -555 + -45230?
-46115
In base 14, what is 5 - -56cbb?
56cc2
In base 3, what is 10 - -201120101?
201120111
In base 7, what is -30 - -364135?
364105
In base 5, what is 104020 - -30?
104100
In base 4, what is 21 - 2111002?
-2110321
In base 5, what is 421211424 + 2?
421211431
In base 13, what is -4 - 15a460?
-15a464
In base 7, what is -4440 - 54?
-4524
In base 6, what is -5 - 400501?
-400510
In base 16, what is -5 + -3a09d?
-3a0a2
In base 6, what is 20534 - -1133?
22111
In base 8, what is -10 - -360155?
360145
In base 10, what is -4 + -53093?
-53097
In base 11, what is -315538 + 3?
-315535
In base 10, what is -741270 - 2?
-741272
In base 12, what is 1368107 + 3?
136810a
In base 4, what is 211 - -1103032?
1103303
In base 8, what is 663453 - -5?
663460
In base 6, what is 323 - 3151?
-2424
In base 11, what is 431 + 1a30?
2361
In base 8, what is 63232 - -152?
63404
In base 13, what is -6 - 69c?
-6a5
In base 5, what is 11214 + 30201?
41420
In base 12, what is -418137 + 5?
-418132
In base 11, what is -1 - -4526aa?
4526a9
In base 4, what is 31332 + 23322?
121320
In base 12, what is -b5a + -65b?
-15b9
In base 4, what is 1233313 - 122?
1233131
In base 7, what is -5 + -220335?
-220343
In base 5, what is 0 + 10311242?
10311242
In base 13, what is a60 - 128?
935
In base 12, what is -7617 - -23?
-75b4
In base 10, what is -2894 - 42?
-2936
In base 13, what is 1639b - -5a?
16428
In base 6, what is -4051 + 1150?
-2501
In base 12, what is 19474 + -2?
19472
In base 5, what is 4031423 - -2?
4031430
In base 12, what is -1b0 + -65?
-255
In base 11, what is 3 + -229a0?
-22998
In base 8, what is 2601124 - 3?
2601121
In base 14, what is -95 + -3?
-98
In base 10,